{"id":1837,"date":"2017-10-26T10:23:36","date_gmt":"2017-10-26T08:23:36","guid":{"rendered":"http:\/\/cplosarcos.educacion.navarra.es\/blogs\/?page_id=1837"},"modified":"2017-10-26T10:26:09","modified_gmt":"2017-10-26T08:26:09","slug":"protocolo-de-actuacion-ante-agresiones-externas-al-personal-del-departamento-de-educacion","status":"publish","type":"page","link":"https:\/\/cplosarcos.educacion.navarra.es\/blogs\/protocolo-de-actuacion-ante-agresiones-externas-al-personal-del-departamento-de-educacion\/","title":{"rendered":"PROTOCOLO DE ACTUACI\u00d3N ANTE AGRESIONES EXTERNAS AL PERSONAL DEL DEPARTAMENTO DE EDUCACI\u00d3N"},"content":{"rendered":"<p>El departamento de Educaci\u00f3n, en las instrucciones de inicio de curso 2017-18, inform\u00f3 a los centros de la existencia del \u00ab<em><strong>Protocolo de actuaci\u00f3n ante agresiones externas al personal del departamento de educaci\u00f3n<\/strong><\/em>\u00ab, el cual ha de estar visible en la web o blog del centro escolar.<\/p>\n<p>En el siguiente enlace se tiene acceso al mencionado protocolo.<\/p>\n<p><a href=\"https:\/\/www.educacion.navarra.es\/documents\/57308\/57782\/Agresiones_web_Cas.pdf\/b11014a3-f7da-4495-ab22-55f1acd0eb19\">https:\/\/www.educacion.navarra.es\/documents\/57308\/57782\/Agresiones_web_Cas.pdf\/b11014a3-f7da-4495-ab22-55f1acd0eb19<\/a><\/p>\n","protected":false},"excerpt":{"rendered":"<p>El departamento de Educaci\u00f3n, en las instrucciones de inicio de curso 2017-18, inform\u00f3 a los centros de la existencia del \u00abProtocolo de actuaci\u00f3n ante agresiones externas al personal del departamento de educaci\u00f3n\u00ab, el cual ha de estar visible en la web o blog del centro escolar. En el siguiente enlace se tiene acceso al mencionado &hellip; <\/p>\n<p><a class=\"more-link btn\" href=\"https:\/\/cplosarcos.educacion.navarra.es\/blogs\/protocolo-de-actuacion-ante-agresiones-externas-al-personal-del-departamento-de-educacion\/\">Continue reading<\/a><\/p>\n","protected":false},"author":1,"featured_media":0,"parent":0,"menu_order":0,"comment_status":"closed","ping_status":"closed","template":"","meta":[],"_links":{"self":[{"href":"https:\/\/cplosarcos.educacion.navarra.es\/blogs\/wp-json\/wp\/v2\/pages\/1837"}],"collection":[{"href":"https:\/\/cplosarcos.educacion.navarra.es\/blogs\/wp-json\/wp\/v2\/pages"}],"about":[{"href":"https:\/\/cplosarcos.educacion.navarra.es\/blogs\/wp-json\/wp\/v2\/types\/page"}],"author":[{"embeddable":true,"href":"https:\/\/cplosarcos.educacion.navarra.es\/blogs\/wp-json\/wp\/v2\/users\/1"}],"replies":[{"embeddable":true,"href":"https:\/\/cplosarcos.educacion.navarra.es\/blogs\/wp-json\/wp\/v2\/comments?post=1837"}],"version-history":[{"count":2,"href":"https:\/\/cplosarcos.educacion.navarra.es\/blogs\/wp-json\/wp\/v2\/pages\/1837\/revisions"}],"predecessor-version":[{"id":1841,"href":"https:\/\/cplosarcos.educacion.navarra.es\/blogs\/wp-json\/wp\/v2\/pages\/1837\/revisions\/1841"}],"wp:attachment":[{"href":"https:\/\/cplosarcos.educacion.navarra.es\/blogs\/wp-json\/wp\/v2\/media?parent=1837"}],"curies":[{"name":"wp","href":"https:\/\/api.w.org\/{rel}","templated":true}]}}

PROTOCOLO DE ACTUACIÓN ANTE AGRESIONES EXTERNAS AL PERSONAL DEL DEPARTAMENTO DE EDUCACIÓN

<p>El departamento de Educación, en las instrucciones de inicio de curso 2017-18, informó a los centros de la existencia del «<em><strong>Protocolo de actuación ante agresiones externas al personal del departamento de educación</strong></em>«, el cual ha de estar visible en la web o blog del centro escolar.</p>
<p>En el siguiente enlace se tiene acceso al mencionado protocolo.</p>
<p><a href="https://www.educacion.navarra.es/documents/57308/57782/Agresiones_web_Cas.pdf/b11014a3-f7da-4495-ab22-55f1acd0eb19">https://www.educacion.navarra.es/documents/57308/57782/Agresiones_web_Cas.pdf/b11014a3-f7da-4495-ab22-55f1acd0eb19</a></p>

<p>El departamento de Educación, en las instrucciones de inicio de curso 2017-18, informó a los centros de la existencia del «Protocolo de actuación ante agresiones externas al personal del departamento de educación«, el cual ha de estar visible en la web o blog del centro escolar. En el siguiente enlace se tiene acceso al mencionado &hellip; </p>
<p><a class="more-link btn" href="https://cplosarcos.educacion.navarra.es/blogs/protocolo-de-actuacion-ante-agresiones-externas-al-personal-del-departamento-de-educacion/">Continue reading</a></p>
